04654 is divided by 494?
492
What is the remainder when 19801 is divided by 1229?
137
Calculate the remainder when 2723875 is divided by 1526.
1491
Calculate the remainder when 56567 is divided by 138.
125
What is the remainder when 2810658 is divided by 13577?
219
What is the remainder when 1012634 is divided by 1757?
602
What is the remainder when 2222165 is divided by 2222163?
2
What is the remainder when 5548145 is divided by 2064?
113
What is the remainder when 103269 is divided by 2600?
1869
What is the remainder when 4283663 is divided by 399?
398
Calculate the remainder when 19390299 is divided by 359.
350
Calculate the remainder when 28243512 is divided by 2377.
2375
What is the remainder when 65221190 is divided by 166806?
44
What is the remainder when 144918395 is divided by 5054?
5053
Calculate the remainder when 116793 is divided by 6091.
1064
What is the remainder when 37214398 is divided by 2862646?
0
Calculate the remainder when 1020755 is divided by 111.
110
What is the remainder when 108591 is divided by 76?
63
What is the remainder when 1667375 is divided by 307?
58
Calculate the remainder when 647209 is divided by 161683.
477
Calculate the remainder when 315412 is divided by 2285.
82
What is the remainder when 64879979 is divided by 660?
659
Calculate the remainder when 4105229 is divided by 14059.
1
Calculate the remainder when 152864 is divided by 10078.
1694
What is the remainder when 190316 is divided by 12686?
26
What is the remainder when 5662435 is divided by 629155?
40
What is the remainder when 4798205 is divided by 1199521?
121
Calculate the remainder when 46328 is divided by 15052.
1172
Calculate the remainder when 777953 is divided by 633.
629
What is the remainder when 1580988 is divided by 9?
3
Calculate the remainder when 10823080 is divided by 143.
125
What is the remainder when 6472285 is divided by 587?
23
What is the remainder when 34625 is divided by 17245?
135
Calculate the remainder when 4970753 is divided by 160342.
151
Calculate the remainder when 700531796 is divided by 744.
740
What is the remainder when 21043 is divided by 20632?
411
What is the remainder when 15538702 is divided by 68?
22
What is the remainder when 3264507 is divided by 655?
642
Calculate the remainder when 413804 is divided by 525.
104
What is the remainder when 342258 is divided by 68313?
693
Calculate the remainder when 13825875 is divided by 265882.
11
Calculate the remainder when 1565456 is divided by 15.
11
Calculate the remainder when 242193 is divided by 80565.
498
Calculate the remainder when 8434801 is divided by 937200.
1
What is the remainder when 142614 is divided by 47069?
1407
What is the remainder when 2430447 is divided by 186955?
32
What is the remainder when 25299637 is divided by 3614222?
83
Calculate the remainder when 2468248 is divided by 9040.
328
Calculate the remainder when 66632515 is divided by 79991.
12
Calculate the remainder when 1902240 is divided by 3516.
84
What is the remainder when 26062081 is divided by 2171831?
109
Calculate the remainder when 4213562 is divided by 280886.
272
What is the remainder when 8816736 is divided by 861?
96
Calculate the remainder when 73319 is divided by 72961.
358
What is the remainder when 7437243 is divided by 33?
0
Calculate the remainder when 7813 is divided by 7633.
180
What is the remainder when 660407 is divided by 469?
55
What is the remainder when 6526208 is divided by 2175340?
188
What is the remainder when 11904 is divided by 847?
46
Calculate the remainder when 1149713 is divided by 536.
529
What is the remainder when 2735725 is divided by 735?
55
What is the remainder when 149490 is divided by 34933?
9758
What is the remainder when 1085072 is divided by 1959?
1745
Calculate the remainder when 47110165 is divided by 329.
326
Calculate the remainder when 30603118 is divided by 30.
28
What is the remainder when 7693776 is divided by 431?
426
What is the remainder when 78160 is divided by 1303?
1283
Calculate the remainder when 82059972 is divided by 124.
120
Calculate the remainder when 463494 is divided by 49.
3
What is the remainder when 4900255 is divided by 20083?
3
Calculate the remainder when 1713259 is divided by 5599.
5564
Calculate the remainder when 311440 is divided by 412.
380
What is the remainder when 890343 is divided by 11173?
7676
What is the remainder when 42126514 is divided by 4322?
4302
What is the remainder when 15396218 is divided by 785?
13
What is the remainder when 250596982 is divided by 221?
220
What is the remainder when 909260 is divided by 454627?
6
What is the remainder when 36652 is divided by 438?
298
What is the remainder when 906168 is divided by 8081?
1096
What is the remainder when 57657483 is divided by 4920?
3
What is the remainder when 6080649 is divided by 2026872?
33
Calculate the remainder when 21506 is divided by 4354.
4090
Calculate the remainder when 1161250 is divided by 594.
574
Calculate the remainder when 2183685 is divided by 4040.
2085
Calculate the remainder when 27747 is divided by 561.
258
Calculate the remainder when 5306072 is divided by 1889.
1760
What is the remainder when 559578 is divided by 787?
21
Calculate the remainder when 4689395 is divided by 552.
155
Calculate the remainder when 8837 is divided by 325.
62
Calculate the remainder when 1679137 is divided by 37314.
7
What is the remainder when 6890574 is divided by 16?
14
Calculate the remainder when 130325 is divided by 140.
125
Calculate the remainder when 4552256 is divided by 36129.
2
What is the remainder when 4013681 is divided by 850?
831
What is the remainder when 16545188 is divided by 39?
23
What is the remainder when 17450 is divided by 4326?
146
Calculate the remainder when 537524 is divided by 35722.
1694
What is the remainder when 2864902 is divided by 1432445?
12
Calculate the remainder when 69914353 is divided by 1555.
1553
What is the remainder when 1088965557 is divided by 7473?
7470
Calculate the remainder when 75799928 is divided by 3578.
3576
Calculate the remainder when 861 is divided by 83.
31
What is the remainder when 101298 is divided by 21?
15
What is the remainder when 370645 is divided by 9425?
3070
Calculate the remainder when 6199153 is divided by 1295.
1283
What is the remainder when 675966343 is divided by 1373?
1372
What is the remainder when 17756 is divided by 2181?
308
Calculate the remainder when 1273380 is divided by 141.
9
What is the remainder when 3263871 is divided by 171?
165
Calculate the remainder when 154832 is divided by 14053.
249
What is the remainder when 309180 is divided by 2089?
8
Calculate the remainder when 8268039 is divided by 22.
21
What is the remainder when 4936541 is divided by 981?
149
Calculate the remainder when 16445 is divided by 16442.
3
What is the remainder when 8225283 is divided by 1611?
1128
What is the remainder when 84468 is divided by 893?
526
Calculate the remainder when 6690231 is divided by 690.
681
What is the remainder when 99104 is divided by 1257?
1058
Calculate the remainder when 462734 is divided by 8263.
6
What is the remainder when 1677848 is divided by 26216?
24
Calculate the remainder when 195358 is divided by 443.
438
Calculate the remainder when 379278 is divided by 94777.
170
Calculate the remainder when 25955200 is divided by 750.
700
What is the remainder when 86906 is divided by 2851?
1376
Calculate the remainder when 1223774 is divided by 887.
601
What is the remainder when 814043 is divided by 203506?
19
What is the remainder when 116702 is divided by 9710?
182
What is the remainder when 448274 is divided by 673?
56
Calculate the remainder when 1966075 is divided by 132.
67
Calculate the remainder when 147576 is divided by 1162.
2
What is the remainder when 56508252 is divided by 2260330?
2
What is the remainder when 115528265 is divided by 4?
1
Calculate the remainder when 1397228 is divided by 536.
412
Calculate the remainder when 18317575 is divided by 44677.
5
Calculate the remainder when 6254624 is divided by 444.
440
Calculate the remainder when 29407848 is divided by 27613.
3
Calculate the remainder when 68716 is divided by 3147.
2629
What is the remainder when 7763890 is divided by 17?
7
Calculate the remainder when 12848 is divide